 4*f + 3*y. Let u = -60 + 80. Calculate the remainder when f is divided by u.
15
Let f = -248 - -251. Suppose -6*g = -4*t - 5*g + 335, f*t = -g + 260. What is the remainder when t is divided by 26?
7
Suppose 16*l - 42 = 13*l. Let w(i) = -i**2 + 34*i - 40. What is the remainder when w(l) is divided by 22?
20
Suppose 26*s - 1221 - 339 = 0. Calculate the remainder when 638 is divided by s.
38
Let s(k) = 3*k**2 + 23*k + 44. What is the remainder when 65 is divided by s(-7)?
5
Suppose -12 + 14 = z. Let b(x) = 9*x + 3. What is the remainder when 82 is divided by b(z)?
19
Let p be (-4936)/(-36) + (-20)/180. Let a = p - 118. What is the remainder when 73 is divided by a?
16
Calculate the remainder when (9 - 22)/1 - -334 is divided by 128.
65
Let x = 1 + 0. What is the remainder when 65 is divided by (-39 - (-10)/(x + 1))*-1?
31
Let q(b) = -26*b + 2410. Calculate the remainder when 114 is divided by q(91).
26
Let r be 1 + (-70)/(-7) + -9. Let c be 6/9 - (-4)/3. Suppose 4*x + 10 + 16 = r*n, -2*n - c*x = -26. Calculate the remainder when n is divided by 7.
6
Suppose -4*w - 124 = -c, -739 + 134 = -5*c + 5*w. What is the remainder when 292 is divided by c?
52
Suppose 1821*l = 1816*l + 215. Calculate the remainder when ((-514)/(-4))/((-5)/(-10)) is divided by l.
42
Let d(s) = -s**2 - 10*s - 9. Let y = -18 - 65. Let c = y - -130. Calculate the remainder when c is divided by d(-8).
5
Let q = -29202 + 29206. Calculate the remainder when 2059 is divided by q.
3
Let h(z) = z**2 - z. Let p be h(-1). Let q = 2572 + -2571. Calculate the remainder when 6 is divided by 4/p*3/(q + 2).
0
Let y = -29779 + 30354. What is the remainder when y is divided by 571?
4
Let a(s) = -17*s - 12. Calculate the remainder when a(-14) is divided by 52.
18
Suppose -3*h - 1234 = -9*h - 208. What is the remainder when 1364 is divided by h?
167
Let s = 4533 - 14605. Calculate the remainder when (s/(-14) - 2) + (-27)/63 is divided by 15.
12
Let c(z) = -17*z**2 + 3*z - 5 - 2*z - 2*z**3 + 3*z**3. Suppose -3*q = -6, -31 = -b - 2*q - 10. Calculate the remainder when c(b) is divided by 5.
2
Let o = -19 + 21. Let c be 5 + -2*o/4. Suppose -n - c*a + 29 = 0, -3*n - 4*a + 38 = -n. What is the remainder when 29 is divided by n?
2
Let c(q) = -8155*q + 16516. Suppose 2*o = 6*o - 4*f - 96, -3 = f. What is the remainder when c(2) is divided by o?
17
Suppose 255 = 5*c - 3*v, -4*v - 51 = -0*c - c. Let i(g) = 2*g**2 + 24*g + 81. What is the remainder when c is divided by i(-3)?
24
Let m be (-6858)/(-30) + 1/(15/(-9)). Let b = m - 171. Calculate the remainder when b is divided by (-515)/(-25) - (-2)/5.
15
Let s(d) = d**3 + 18*d**2 + 35*d - 10. Let f = -60 + 124. What is the remainder when s(-15) is divided by f?
12
Suppose 0 = 3*d + 3*r - 39, 4*r = -0*d - 3*d + 42. Calculate the remainder when 2366 is divided by d.
6
Let c(t) = t**3 - 53*t**2 - 1555*t + 42. Let a = -5 + 49. Suppose -3*p - a = -7*p. What is the remainder when c(-21) is divided by p?
8
Let o be (-14)/(-56) + (-2771)/(-4). Suppose -10*q + o = q. Calculate the remainder when q is divided by 10.
3
Suppose -11*s = -10*s - 96. What is the remainder when s is divided by ((-143)/11 - -14)*(-98)/(-2)?
47
Let l(c) = -3*c - 15. Suppose 0 = -y + 4*y + 18. Let k be l(y). Suppose 5*m - 90 = 5*t, 4*t + 49 = k*m + 2*t. What is the remainder when m is divided by 9?
4
Let u(n) be the third derivative of n**5/60 + 5*n**4/12 + 4*n**3/3 - 14*n**2. Let z be u(-9). Calculate the remainder when 45 - (4 + -8)*z is divided by 7.
6
Suppose 4*n = 2*u - 7*u + 53, -n = 5*u - 17. Let s = 91 - 49. What is the remainder when s is divided by n?
6
Let r(v) = v**3 + 12*v**2 - 30*v - 50. Calculate the remainder when r(-12) is divided by 19.
6
Let l = 84 + -52. Suppose 20*z = 22*z - l. Suppose 0 = -7*r + 12 + z. What is the remainder when 25 is divided by r?
1
Let n = 5073 + -5044. Calculate the remainder when 884 is divided by n.
14
Let h(f) = 8*f**3 + 4*f**2 - 16*f + 5. Calculate the remainder when 121 is divided by h(2).
15
Let o = -4131 - -4839. Calculate the remainder when o is divided by 25.
8
What is the remainder when 399 is divided by (-11 + (-306)/27)*(1 - 4)?
64
Let v = -10951 + 11238. What is the remainder when v is divided by 23?
11
Let w = -8611 + 8719. What is the remainder when 2481 is divided by w?
105
Calculate the remainder when 8652/13 + (-1416)/(-3068) is divided by 41.
10
Suppose -5*y + 190 = 100. Let o(p) = 6*p**2 + 34*p + 50. What is the remainder when o(-5) is divided by y?
12
Suppose 3*f = -5*x + 410, 69 = -2*x - 5*f + 233. Calculate the remainder when x is divided by 127 - 126 - (0 - (-1 + 6)).
4
Suppose 5*x = 2*c + 18086, x - 7*c - 3608 = -2*c. Calculate the remainder when x is divided by 47.
46
Let h(w) = 88*w**2 + 613*w + 4. What is the remainder when 248 is divided by h(-7)?
23
Suppose 246*x = -98*x + 192296. What is the remainder when 1679 is divided by x?
2
Let t = -304 + 346. Calculate the remainder when t is divided by (-54)/(-5)*(-2)/(8/(-10)).
15
Suppose 49*u = 47*u + 58. Suppose -127 = -6*m + u. What is the remainder when m is divided by 6?
2
Let i(s) = -583*s - 1631. Calculate the remainder when 254 is divided by i(-3).
18
Suppose 4 = l, -3*x + 2*l = -0*l - 520. Suppose -460 = -6*z + x. Calculate the remainder when z is divided by 2.
0
Let b(h) = -3*h**2 + 130*h - 1050. Let k be 42 + -3 - 0/(-2). Let u = -12 + k. Calculate the remainder when b(13) is divided by u.
25
Let h = 345 + -316. Let x = -29 + 17. Calculate the remainder when h is divided by 4/6 + (-88)/x.
5
Let v = 271 + -260. Suppose 13*m = 180 - v. What is the remainder when 155 is divided by m?
12
Suppose -6*v + 108 = -0*v. Let u = 12 + -7. Suppose u*l = -4*x + 112, 3*x - l - 152 = -49. Calculate the remainder when x is divided by v.
15
Suppose 3*i - 303*q - 2790 = -300*q, -i + 2*q + 931 = 0. Calculate the remainder when 933 is divided by i.
4
Suppose 5*i + 2*w - 1147 = 0, -w + 689 = -0*i + 3*i. Suppose 75*y = 63*y + 480. Calculate the remainder when i is divided by y.
31
Suppose -3*u + v + 131 = 0, -5*v - 70 = -2*u + 26. Let l be (3/(-4) - -1)*(28 - 24). Calculate the remainder when (l*252)/2*1 is divided by u.
40
Let h(p) = -5*p**2 - 14*p + 17. Let c be h(8). Let t = c + 438. What is the remainder when 44 is divided by t?
21
Suppose 129*m + 334*m = -525930 + 1924190. Calculate the remainder when m is divided by 6.
2
Suppose -5*h - 4*x + 61 = -3*x, 3 = 3*x. Suppose 2*u - 4 = 4*u. What is the remainder when 1 - 0 - 82/u is divided by h?
6
Let f be 1638/(-135) - (-8)/60. What is the remainder when 17 is divided by 10/8 + 10 + 111/f?
1
Let n be -7 - -215 - (-2 - 0). Suppose 4*w - 3*s = 2*w + 95, -2*s = -4*w + n. What is the remainder when w is divided by 15?
10
Let s = -128 + 43. Let k = -62 - s. Calculate the remainder when 40 is divided by k.
17
Let p(u) = -340*u - 1490. What is the remainder when p(-5) is divided by 69?
3
Let x(i) = -3*i**2 + 21*i - 38. Let b be x(7). Calculate the remainder when (20 - 14)/((-4)/b) is divided by 31/2 + (-3)/6.
12
Suppose 15 = 5*i, -q + 41*i - 36*i + 6 = 0. Calculate the remainder when 132 is divided by q.
6
Let p(y) = -20*y**3 + 4*y**2 + 23*y + 39. What is the remainder when 582 is divided by p(-2)?
75
Suppose -s = 5*j - 549, -2*j = -7*j - 3*s + 557. Let g(v) = 36 + 24*v + 13*v + v**2 + 17*v - 45*v. What is the remainder when j is divided by g(-8)?
25
Suppose 0 = -y - 322 - 560. Let d = y + 922. What is the remainder when (-57)/2*16/(-6) is divided by d?
36
Let g(j) = j**3 + 6*j**2 - 519*j + 41. Suppose 33 + 22 = c. What is the remainder when c is divided by g(-26)?
10
Let s = 3 + -3. Suppose -8*m - 46 = -54. Suppose c - 11 - m = s. Calculate the remainder when 58 is divided by c.
10
Calculate the remainder when 126/189 + 982*3/9 + -2 is divided by 55.
51
Let w(o) = -9*o - 1. Let j(x) = -x**3 - 67*x**2 - 1106*x - 34. What is the remainder when j(-29) is divided by w(-4)?
12
Let j = -7507 - -8516. Calculate the remainder when j is divided by 11.
8
Let o(a) = -a**3 + 7*a**2 + 21*a + 13. Let c be o(10). Let l = c - -79. Suppose -105 = -l*i - i. Calculate the remainder when i is divided by 21.
14
Let n(h) = h**3 - 11*h**2 - 8*h - 14. What is the remainder when n(12) is divided by (9/5)/((-13)/(-10) - 1)?
4
Let v(r) = -205*r + 5665. What is the r